ase 2, what is 10011 - -100110101000?
100110111011
In base 3, what is 0 + 211222220220?
211222220220
In base 7, what is -2 + -44032?
-44034
In base 4, what is 13 + -10322211?
-10322132
In base 12, what is -337 + -69?
-3a4
In base 7, what is -316113 + -2?
-316115
In base 7, what is -130 + -161151?
-161311
In base 3, what is 120110000 - 10?
120102220
In base 5, what is -403 - -4434?
4031
In base 10, what is 706 - -87?
793
In base 15, what is 39 + 1c4?
20d
In base 10, what is -8680 + 2?
-8678
In base 9, what is -6483 + 163?
-6320
In base 5, what is 3024 + -1141?
1333
In base 14, what is -1015b3 + -4?
-1015b7
In base 15, what is -25 + -2623d?
-26263
In base 2, what is -110110 + -11010101101110?
-11010110100100
In base 11, what is -208 - 37?
-244
In base 16, what is 382 + 132?
4b4
In base 10, what is 95 + -37755?
-37660
In base 12, what is -36057 - 0?
-36057
In base 16, what is -5a17 - -2d?
-59ea
In base 4, what is 201 + -222123?
-221322
In base 7, what is -335006 + -3?
-335012
In base 9, what is 21 - -611473?
611504
In base 12, what is -180127 - -3?
-180124
In base 12, what is 64 + 1248?
12b0
In base 12, what is 5739 + -6?
5733
In base 16, what is 433cc2 + 4?
433cc6
In base 10, what is 11857 - -268?
12125
In base 6, what is -44425150 + 5?
-44425141
In base 4, what is 13232 + 101?
13333
In base 2, what is 11110101000111 - 11100?
11110100101011
In base 16, what is 8 - -527c1?
527c9
In base 3, what is 1 - 202120101002?
-202120101001
In base 13, what is 2 - aa94?
-aa92
In base 15, what is -c682 + 10?
-c672
In base 8, what is -107243 + -6?
-107251
In base 14, what is 4 + -333d1?
-333cb
In base 16, what is 3 - -4283?
4286
In base 8, what is 224 + 24451?
24675
In base 5, what is 131 - 21334?
-21203
In base 6, what is 10422 + -24?
10354
In base 4, what is 22132 + -1120?
21012
In base 8, what is -51036 - -6?
-51030
In base 9, what is 432 + -5?
426
In base 7, what is 1 + 361150?
361151
In base 4, what is 301100221 - 0?
301100221
In base 2, what is -10 + 111100011100100?
111100011100010
In base 9, what is 5 + -216082?
-216076
In base 2, what is -111110000000 - 10?
-111110000010
In base 2, what is 101 - -11111010100010?
11111010100111
In base 12, what is 3180 + 20?
31a0
In base 5, what is 2233 + -334?
1344
In base 12, what is 7 + -3028?
-3021
In base 4, what is -1101 - 3231232?
-3232333
In base 4, what is 30023233212 + 2?
30023233220
In base 10, what is 0 - 77307?
-77307
In base 15, what is 1b9ad - 3?
1b9aa
In base 6, what is 331 - -54?
425
In base 7, what is 10 + 12536?
12546
In base 16, what is 2ce7 + 3?
2cea
In base 7, what is -14255442 + -3?
-14255445
In base 14, what is 3d1 + -232?
19d
In base 16, what is -6a + -711?
-77b
In base 7, what is 1254123 + -5?
1254115
In base 10, what is -10 + 9919?
9909
In base 15, what is -37 - 163b?
-1673
In base 8, what is 20314 - -16?
20332
In base 2, what is -110000 - 1000100?
-1110100
In base 10, what is 1668237 - 0?
1668237
In base 13, what is 121 - -a?
12b
In base 8, what is -111651 + 7?
-111642
In base 15, what is 4617 - 28?
45de
In base 12, what is -4a4a7 - -3?
-4a4a4
In base 3, what is 212221221121 + -11?
212221221110
In base 9, what is 2 + -2015?
-2013
In base 3, what is 110 + -202012?
-201202
In base 5, what is 10 - 111130?
-111120
In base 11, what is 85 + -357?
-282
In base 9, what is 4 - -53157?
53162
In base 11, what is 3 + -44a90?
-44a88
In base 16, what is -16 + e1e?
e08
In base 14, what is 4 - -16b50?
16b54
In base 11, what is -2630a - 10?
-2631a
In base 15, what is 795974 - -3?
795977
In base 2, what is 110110101000110 - -101?
110110101001011
In base 6, what is 3 + -154153?
-154150
In base 15, what is -5 + 1d9c?
1d97
In base 3, what is -11 + -221220012?
-221220100
In base 13, what is -5294 - 9?
-52a0
In base 10, what is 229 - 2181?
-1952
In base 4, what is -10 + 31322100?
31322030
In base 7, what is -3261 - -2432?
-526
In base 4, what is -300310 + 22?
-300222
In base 16, what is 2a + 49d?
4c7
In base 9, what is 3712 - 10?
3702
In base 12, what is 11 + 9889?
989a
In base 4, what is -1110103 - 131?
-1110300
In base 9, what is -476142 + -3?
-476145
In base 3, what is -2201 - -200100002?
200020101
In base 9, what is -10670 + -26?
-10706
In base 4, what is -33100023031 - 11?
-33100023102
In base 15, what is 8 - -ea0?
ea8
In base 8, what is -2 - 4116671?
-4116673
In base 14, what is -15acb - 1?
-15acc
In base 8, what is -32 - 4662?
-4714
In base 15, what is 6 + 42093?
42099
In base 11, what is 63 - 675?
-612
In base 6, what is 11443554 + 3?
11444001
In base 6, what is -1 + -300311?
-300312
In base 12, what is 4 - -47?
4b
In base 12, what is -44 - -173b?
16b7
In base 14, what is -39 + -b78?
-bb3
In base 16, what is 471a + 3f?
4759
In base 11, what is -1 + 6981?
6980
In base 8, what is -3 - 2055?
-2060
In base 6, what is -5150 - 33?
-5223
In base 2, what is -10010100100010100 + 1?
-10010100100010011
In base 10, what is -5 + -10367?
-10372
In base 8, what is -27 - 172024?
-172053
In base 8, what is -2 + 4412155?
4412153
In base 13, what is -a + 873?
866
In base 6, what is -50055 - 233?
-50332
In base 10, what is 0 - -291799?
291799
In base 2, what is -1 + -1010111011111?
-1010111100000
In base 6, what is 5 + -14434553?
-14434544
In base 15, what is 12d0 + c?
12dc
In base 14, what is -83582 - -16?
-8356a
In base 8, what is 11 + 45264?
45275
In base 11, what is 31847 + 3?
3184a
In base 11, what is 595873 - -1?
595874
In base 9, what is -120 + 714?
584
In base 10, what is -3 - -31392?
31389
In base 2, what is -100 + 1100101000011?
1100100111111
In base 11, what is 5961a + 0?
5961a
In base 2, what is 101010000001 + -100?
101001111101
In base 3, what is 1210010211202 + -10?
1210010211122
In base 4, what is -1221 - 33023?
-100310
In base 4, what is 1 - -12113203?
12113210
In base 15, what is -63 + 928?
8b5
In base 5, what is 3 + -133032?
-133024
In base 7, what is -50434 + 155?
-50246
In base 7, what is 14452 - 1?
14451
In base 12, what is -120b - -5?
-1206
In base 2, what is 10010111010001 - 111?
10010111001010
In base 7, what is 3 - 464052?
-464046
In base 9, what is 4 - -5244?
5248
In base 2, what is -10110111001110101011010 - 11?
-10110111001110101011101
In base 6, what is 1 + 300535?
300540
In base 5, what is 1 + -240121?
-240120
In base 8, what is -4 + 17343?
17337
In base 8, what is 1 + 122676?
122677
In base 15, what is 26 + 6ed?
724
In base 11, what is 5 + 11441?
11446
In base 2, what is -1001 - 10100000100010?
-10100000101011
In base 14, what is 92 - 2107?
-2055
In base 14, what is -25 + 22d8?
22b3
In base 6, what is -2 + 4352314?
4352312
In base 12, what is -130 + 272?
142
In base 6, what is -1531 - 2?
-1533
In base 16, what is -b - -14a3?
1498
In base 4, what is 23001 + -2000000?
-1310333
In base 6, what is 2331113 + -10?
2331103
In base 2, what is 10011001101 - 11101?
10010110000
In base 3, what is 2 - 122222102122?
-122222102120
In base 7, what is 6 - -40451?
40460
In base 10, what is 6 - 2520?
-2514
In base 16, what is -3 + 51bf2?
51bef
In base 5, what is 2332413 + -4?
2332404
In base 9, what is 576 - 2424?
-1737
In base 12, what is -6229 - 70?
-6299
In base 2, what is -1001001 - 111000111100?
-111010000101
In base 15, what is -16 - -41?
2a
In base 7, what is 4 - 64325?
-64321
In base 5, what is 132 - -43143?
43330
In base 7, what is 2 - -332625?
332630
In base 9, what is -13058 - -17?
-13041
In base 2, what is 1001110111001001 - -1111?
1001110111011000
In base 6, what is 2553 + -45524?
-42531
In base 9, what is 5121 + 312?
5433
In base 3, what is -101121 - 211212?
-1020110
In base 3, what is -120220121221 + -11?
-120220122002
In base 8, what is 3540201 - 5?
3540174
In base 15, what is -6 - -93564?
9355d
In base 14, what is 1d49 - -3?
1d4c
In base 8, what is 120463 - 4?
120457
In base 2, what is -100100100111 - -100?
-100100100011
In base 6, what is 42 - 52544?
-52502
In base 16, what is 182 - -4?
186
In base 16, what is -b - 9ad97?
-9ada2
In base 8, what is 455770 + -3?
455765
In base 9, what is -214 - -722?
507
In base 13, what is -b + 6b6?
6a8
In base 9, what is -10 + 70727?
70717
In base 5, what is 2 - 110044331?
-110044324
In base 13, what is -2112 - 27?
-2139
In base 4, what is 210 + 102201111?
102201321
In base 2, what is 1 - 1010001001000?
-1010001000111
In base 15, what is -109d - -17?
-1086
